der when t is divided by y?
3
Let i(n) = n + 6. Let b be i(-5). Let x = b - -2. Suppose 3*g - 24 = -5*z, g - 25 = z + x*z. Calculate the remainder when g is divided by 5.
3
Let u(k) = k**2 - 3*k - 9. Let q be (1 - 2)/((-3)/(-18)). Let l be u(q). Calculate the remainder when 31 is divided by 10/l + 194/18.
9
Let v = -25 + 12. Let l = 28 + v. What is the remainder when l*(-1)/2*-6 is divided by 16?
13
Let g = 5 - 2. Let v = 14 - g. Calculate the remainder when 21 is divided by v.
10
Suppose -3*d + 3 = -9. Suppose 0 = -2*i + 2*m + 14, -3*i + 4*i = -3*m + 19. Calculate the remainder when i is divided by d.
2
Suppose -3*b - 3*g = -51, 9*g = -b + 5*g + 11. Suppose -2*c + 40 = 2*c - 5*j, -50 = -5*c - 4*j. What is the remainder when b is divided by c?
9
Calculate the remainder when (-29)/3*(-1 + -2) is divided by ((-4)/5)/(34/(-425)).
9
Let m(t) = -t**2 - 7*t - 7. Suppose g = 5*s - 0*g - 18, 3*g = 6. Calculate the remainder when s is divided by m(-5).
1
Suppose 4 = 2*d - 0. Let x(g) = 2*g**3 - 2*g**2 + 3*g. What is the remainder when x(d) is divided by 8?
6
Suppose 12 = -3*b, -61 = 4*g - 3*b - 21. Let z = 31 + g. What is the remainder when 51 is divided by z?
15
Suppose -2*n + 64 = 2*w - 14, 2*w = 0. What is the remainder when n is divided by 8?
7
Let f(d) = -d**3 + d**2 - d + 4. Suppose 16*g - 28 = 14*g. Calculate the remainder when g is divided by f(0).
2
Let k be 0 - (-1)/2*-2. Let v(i) = -4*i - 1. Let m be v(k). Let c = -1 + m. Calculate the remainder when c is divided by 2.
0
Suppose -i = -4*h + 2*i + 124, 5*h - 182 = -3*i. What is the remainder when 202 is divided by h?
32
Calculate the remainder when 142/3 + 3 + (-4)/12 is divided by 13.
11
Let m = 134 + -110. Calculate the remainder when 80 is divided by m.
8
Let r be 74/3 + 3/9. Suppose r = 4*j - 23. Let q(z) = 3*z**2 - 7*z + 5. Calculate the remainder when q(5) is divided by j.
9
Let v = 78 - 41. Calculate the remainder when v is divided by 18.
1
Suppose -10*w + 13*w = 150. Suppose -w = -2*m - 2*n, -4*m + 3*n = -0*n - 128. Calculate the remainder when m is divided by 10.
9
Let h = 2 - 3. Let y = 5 + h. Calculate the remainder when 14 is divided by y.
2
Let l be (54 - (-1 + 1))/2. Suppose -w - 2*w + l = 0. Calculate the remainder when 16 is divided by w.
7
Suppose 5*i + 5*b - 15 = 0, -b = -5*i + 2*b - 9. Suppose w - 13 - 82 = i. Let k = 135 - w. Calculate the remainder when k is divided by 14.
12
Suppose -f + 11 = -36. What is the remainder when f is divided by 25?
22
Suppose 0*x + 4*r = 2*x - 30, -75 = -5*x - 3*r. Calculate the remainder when 89 is divided by x.
14
Let t(c) = -c**3 - 6*c**2 + 5*c - 10. Suppose -5*h - 3 = -58. Calculate the remainder when h is divided by t(-7).
3
Let n(t) = t**2 - 8*t + 10. Let s(f) = -6 + 3*f**2 + 0*f**3 + 7*f - f**3 + 0*f**2. What is the remainder when n(8) is divided by s(4)?
4
Let f(n) = -379*n**3 - 1. Let v be f(1). Let c(x) = x**2 - 2*x + 1. Calculate the remainder when v/(-15) + 2/3 is divided by c(-2).
8
Let d(m) = m**2 - 6*m - 5. Let w be d(8). Suppose -26 = -4*j + 42. Calculate the remainder when -3*(w/(-1) - 0) is divided by j.
16
Suppose -2*d - 8 = -2. Let k(a) = 10*a**2 - 6*a - 4*a**2 + 2 + 0 - 7*a**2. Calculate the remainder when 42 is divided by k(d).
9
Let n = -10 - -1. Let w = -7 - n. Suppose 3*c + 3*b = w*c + 29, 5*b - 67 = -3*c. What is the remainder when 55 is divided by c?
13
Suppose 29 + 35 = 4*l. Calculate the remainder when 40 is divided by ((-14)/4)/((-4)/l).
12
Let p be (-2)/(-4)*70/7. Calculate the remainder when 19 is divided by p/(-5)*-7*1.
5
Suppose -4*r = -14 - 50. Calculate the remainder when 27 is divided by r.
11
Let c(f) = 3*f**2 - 7*f + 11. Calculate the remainder when 1 + (51 - 2) + -2 is divided by c(3).
14
Suppose -24 = 2*s - 82. What is the remainder when s is divided by 10?
9
Suppose 2*z - 2*u - 9 = 5, 0 = 2*u. What is the remainder when 34 is divided by z?
6
Let m(j) = -j**3 - 7*j**2 - 2*j - 3. Calculate the remainder when 65 is divided by m(-7).
10
Suppose 2*l - 3 = -3*r - 11, 5*r = -20. Suppose 3 = z, 0 = -d - l*d + 5*z - 3. What is the remainder when 7 is divided by d?
3
Let u = 50 - 34. Calculate the remainder when 47 is divided by u.
15
Let v(u) = u**2 + u - 12. What is the remainder when v(4) is divided by 23/7 - 2/7?
2
Let f be 4/(15/9 + -1). Let h(i) = -2*i**2 + 7*i + 7. Let c be h(f). Let u = c + 33. What is the remainder when u is divided by 6?
4
Let c(l) = l**3 + 8*l**2 + 8*l + 9. Let r be c(-7). What is the remainder when r - -26 - -3*1 is divided by 8?
7
Suppose 2*j - 43 - 1 = 0. What is the remainder when 63 is divided by j?
19
Suppose -4*f - 5 + 1 = 0, 29 = -2*x + f. Let p = x - -23. Calculate the remainder when 23 is divided by p.
7
Let s be (-3123)/(-21) - (-4)/14. Suppose -356 + s = -4*l + 5*z, 210 = 4*l - 2*z. Calculate the remainder when l is divided by 14.
11
Suppose 5*u - 5*c - 165 = 0, 0*c - 2*c = 5*u - 193. What is the remainder when 71 is divided by u?
34
Suppose -2*q + 7*v - 3*v = -192, v + 96 = q. Calculate the remainder when q is divided by 25.
21
Let v(n) = 45*n**3 + n**2. Let s = 8 - 9. Calculate the remainder when v(1) is divided by -1 - -19 - (3 + s).
14
Let k be ((-36)/10)/(3/(-30)). Suppose -f - k = -3*f. Suppose -3*o = -4*q - 179, -125 + 34 = -2*o - 3*q. What is the remainder when o is divided by f?
17
Let a(g) = 6*g + 1. Suppose 0 = -5*y + 6 + 4. Suppose -5 = -4*k + 15. What is the remainder when a(y) is divided by k?
3
Let i = -24 - -29. What is the remainder when i is divided by 2?
1
Let r(j) = -j + 22. What is the remainder when r(0) is divided by 6?
4
Suppose -4*t = -3*y + 15, -8*t + y = -3*t + 5. Let m(c) = -c**2 + c + 6. What is the remainder when 23 is divided by m(t)?
5
Suppose 3*d - 31 = 2*t + 36, -3*d - 4*t + 37 = 0. Calculate the remainder when d is divided by 4/((-12)/(-27)) - 2.
5
Let h(d) = d**3 - 8*d**2 + 8. Calculate the remainder when h(8) is divided by 5.
3
Let j(q) = q**3 + 11*q**2 + 16*q + 9. What is the remainder when 104 + (1 + -3)/(-2) is divided by j(-9)?
24
Suppose -34 = -3*k - 5*y, 3*k + y - 12 = 2*k. Calculate the remainder when (-14 + 31)/((-1)/(-3)) is divided by k.
12
Let h = 1 - 1. Suppose 7*d - 2*d - 35 = h. Let a(j) = 2*j - 2. What is the remainder when a(7) is divided by d?
5
Calculate the remainder when ((81/15)/9)/((-1)/(-65)) is divided by 14.
11
What is the remainder when 61/(((-2)/(-3))/(6/9)) is divided by 32?
29
Calculate the remainder when (1/(-2))/((-2)/296) is divided by (-1 - 37)*2/(-4).
17
Suppose 11*o = 8*o + 129. Calculate the remainder when o is divided by 18.
7
Let n be (-2)/(-1)*(-1)/2. Calculate the remainder when 9 is divided by 4 + n/1 + 2.
4
Let z(b) = -b + 12. Suppose 0*l + 3*l - 84 = 0. Let a = 50 - l. What is the remainder when a is divided by z(0)?
10
Suppose 18 = 2*r - 70. Calculate the remainder when r is divided by 23.
21
What is the remainder when 4 + 3/((-6)/(-68)) is divided by 13?
12
Let o = -86 + 140. What is the remainder when o is divided by 28?
26
Let l(r) = -4*r**2 + r + 2. Let x be l(-2). Calculate the remainder when 42 is divided by x/(-24) - 31/(-3).
9
Let i = -46 - -25. Let q(z) = z**3 - z**2 - z + 47. Let a be q(0). Let g = a + i. What is the remainder when g is divided by 14?
12
Suppose -j + 3*v - 1 = -22, 5*v = 3*j - 51. Calculate the remainder when j is divided by 3.
0
Suppose 6*f - 3*f = 48. Calculate the remainder when 62 is divided by f.
14
Let u(j) = 7*j**2 - 2*j + 3. What is the remainder when 29 is divided by u(1)?
5
Suppose -84 = g - 5*g. Suppose 2*p = -3*p + 410. What is the remainder when p is divided by g?
19
Suppose 4*w = -2*v - 3 + 7, 3*v - 6 = 3*w. Suppose 0*m = -5*m. Let r = m + v. Calculate the remainder when 3 is divided by r.
1
Suppose -6*v - 106 = -7*v. Calculate the remainder when v is divided by 36.
34
Let t be ((-1)/2)/((-1)/10). Let m = -2 + 2. Suppose -k + m + 5 = 3*i, k - t = -4*i. Calculate the remainder when k is divided by 3.
2
Let z = 29 + -13. Suppose -3*c + 29 = -z. Calculate the remainder when 57 is divided by c.
12
Let p(u) = -u**3 + 4*u + 3 - 4*u**2 - u**2 - 7*u + 3. Calculate the remainder when 41 is divided by p(-5).
20
Let j(z) = z**3 - 2*z**2 - 3*z - 2. Let p be j(3). Let t = 12 + -6. Calculate the remainder when -10*(1 - (0 - p)) is divided by t.
4
Suppose 8*w - 